{"id":67,"date":"2019-12-23T19:06:00","date_gmt":"2019-12-24T00:06:00","guid":{"rendered":"https:\/\/www.pariamanu.com\/?page_id=67"},"modified":"2024-06-12T17:31:59","modified_gmt":"2024-06-12T22:31:59","slug":"madera-en-rollo","status":"publish","type":"page","link":"https:\/\/www.pariamanu.com\/index.php\/productos\/madera-en-rollo\/","title":{"rendered":"Madera Aserrada"},"content":{"rendered":"\r\n<figure class=\"wp-block-image\"><a href=\"http:\/\/www.grupoaserraderoespinoza.com\/img\/madera-aserrada.jpg\"><img src=\"http:\/\/www.grupoaserraderoespinoza.com\/img\/madera-aserrada.jpg\" alt=\"\" \/><\/a><\/figure>\r\n\r\n\r\n\r\n<p><strong>\u00a0Madera Aserrada<\/strong><\/p>\r\n\r\n\r\n\r\n<figure class=\"wp-block-table\">\r\n<table>\r\n<tbody>\r\n<tr>\r\n<th>Clasif. De Productos (FSC-STD-40-004a)<\/th>\r\n<th>C\u00f3digo de Producto<\/th>\r\n<th>Descripci\u00f3n del Producto<\/th>\r\n<th>Nombre Cient\u00edfico<\/th>\r\n<th>Declaraci\u00f3n FSC<\/th>\r\n<\/tr>\r\n<tr>\r\n<td>W 5.4<\/td>\r\n<td>ET-CM<\/td>\r\n<td>Estoraque comercial<\/td>\r\n<td>Myroxylon spp ***<\/td>\r\n<td>FSC 100%<\/td>\r\n<\/tr>\r\n<tr>\r\n<td>W 5.4<\/td>\r\n<td>IP-CM<\/td>\r\n<td>Ishpingo comercial<\/td>\r\n<td>Amburana cearensis<\/td>\r\n<td>FSC 100%<\/td>\r\n<\/tr>\r\n<tr>\r\n<td>W 5.4<\/td>\r\n<td>SH-CM<\/td>\r\n<td>Shihuahuaco comercial<\/td>\r\n<td>Dipteryx odorata<\/td>\r\n<td>FSC 100%<\/td>\r\n<\/tr>\r\n<tr>\r\n<td>W 5.4<\/td>\r\n<td>AH-CM<\/td>\r\n<td>Azucar huayo comercial<\/td>\r\n<td>Hymenaea spp. ***<\/td>\r\n<td>FSC 100%<\/td>\r\n<\/tr>\r\n<tr>\r\n<td>W 5.4<\/td>\r\n<td>QN-CM<\/td>\r\n<td>Quinilla comercial<\/td>\r\n<td>Manilkara spp<\/td>\r\n<td>FSC 100%<\/td>\r\n<\/tr>\r\n<tr>\r\n<td>W 5.4<\/td>\r\n<td>TA-CM<\/td>\r\n<td>Tahuari comercial<\/td>\r\n<td>Tabebuia spp.<\/td>\r\n<td>FSC 100%<\/td>\r\n<\/tr>\r\n<tr>\r\n<td>W 5.4<\/td>\r\n<td>AC-CM<\/td>\r\n<td>Ana caspi comercial<\/td>\r\n<td>Apuleia leiocarpa<\/td>\r\n<td>FSC 100%<\/td>\r\n<\/tr>\r\n<tr>\r\n<td>W 5.4<\/td>\r\n<td>MA-CM<\/td>\r\n<td>Mashonaste comercial<\/td>\r\n<td>Clarisia racemosa<\/td>\r\n<td>FSC 100%<\/td>\r\n<\/tr>\r\n<tr>\r\n<td>W 5.4<\/td>\r\n<td>ET-CR<\/td>\r\n<td>Estoraque Corta<\/td>\r\n<td>Myroxylon spp ***<\/td>\r\n<td>FSC 100%<\/td>\r\n<\/tr>\r\n<tr>\r\n<td>W 5.4<\/td>\r\n<td>IP-CR<\/td>\r\n<td>Ishpingo Corta<\/td>\r\n<td>Amburana cearensis<\/td>\r\n<td>FSC 100%<\/td>\r\n<\/tr>\r\n<tr>\r\n<td>W 5.4<\/td>\r\n<td>SH-CR<\/td>\r\n<td>Shihuahuaco Corta<\/td>\r\n<td>Dipteryx odorata<\/td>\r\n<td>FSC 100%<\/td>\r\n<\/tr>\r\n<tr>\r\n<td>W 5.4<\/td>\r\n<td>AH-CR<\/td>\r\n<td>Azucar huayo Corta<\/td>\r\n<td>Hymenaea spp. ***<\/td>\r\n<td>FSC 100%<\/td>\r\n<\/tr>\r\n<tr>\r\n<td>W 5.4<\/td>\r\n<td>QN-CR<\/td>\r\n<td>Quinilla Corta<\/td>\r\n<td>Manilkara spp<\/td>\r\n<td>FSC 100%<\/td>\r\n<\/tr>\r\n<tr>\r\n<td>W 5.4<\/td>\r\n<td>TA-CR<\/td>\r\n<td>Tahuari Corta<\/td>\r\n<td>Tabebuia spp.<\/td>\r\n<td>FSC 100%<\/td>\r\n<\/tr>\r\n<tr>\r\n<td>W 5.4<\/td>\r\n<td>AC-CR<\/td>\r\n<td>Ana caspi Corta<\/td>\r\n<td>Apuleia leiocarpa<\/td>\r\n<td>FSC 100%<\/td>\r\n<\/tr>\r\n<tr>\r\n<td>W 5.4<\/td>\r\n<td>MA-CR<\/td>\r\n<td>Mashonaste Corta<\/td>\r\n<td>Clarisia racemosa<\/td>\r\n<td>FSC 100%<\/td>\r\n<\/tr>\r\n<tr>\r\n<td>W 5.4<\/td>\r\n<td>ET-LA<\/td>\r\n<td>Estoraque largo angosta<\/td>\r\n<td>Myroxylon spp ***<\/td>\r\n<td>FSC 100%<\/td>\r\n<\/tr>\r\n<tr>\r\n<td>W 5.4<\/td>\r\n<td>IP-LA<\/td>\r\n<td>Ishpingo largo angosta<\/td>\r\n<td>Amburana cearensis<\/td>\r\n<td>FSC 100%<\/td>\r\n<\/tr>\r\n<tr>\r\n<td>W 5.4<\/td>\r\n<td>SH-LA<\/td>\r\n<td>Shihuahuaco largo angosta<\/td>\r\n<td>Dipteryx odorata<\/td>\r\n<td>FSC 100%<\/td>\r\n<\/tr>\r\n<tr>\r\n<td>W 5.4<\/td>\r\n<td>AH-LA<\/td>\r\n<td>Azucar huayo largo angosta<\/td>\r\n<td>Hymenaea spp. ***<\/td>\r\n<td>FSC 100%<\/td>\r\n<\/tr>\r\n<tr>\r\n<td>W 5.4<\/td>\r\n<td>QN-LA<\/td>\r\n<td>Quinilla largo angosta<\/td>\r\n<td>Manilkara spp<\/td>\r\n<td>FSC 100%<\/td>\r\n<\/tr>\r\n<tr>\r\n<td>W 5.4<\/td>\r\n<td>TA-LA<\/td>\r\n<td>Tahuari largo angosta<\/td>\r\n<td>Tabebuia spp.<\/td>\r\n<td>FSC 100%<\/td>\r\n<\/tr>\r\n<tr>\r\n<td>W 5.4<\/td>\r\n<td>AC-LA<\/td>\r\n<td>Ana caspi largo angosta<\/td>\r\n<td>Apuleia leiocarpa<\/td>\r\n<td>FSC 100%<\/td>\r\n<\/tr>\r\n<tr>\r\n<td>W 5.4<\/td>\r\n<td>MA-LA<\/td>\r\n<td>Mashonaste largo angosta<\/td>\r\n<td>Clarisia racemosa<\/td>\r\n<td>FSC 100%<\/td>\r\n<\/tr>\r\n<\/tbody>\r\n<\/table>\r\n<\/figure>\r\n","protected":false},"excerpt":{"rendered":"<p>\u00a0Madera Aserrada Clasif. De Productos (FSC-STD-40-004a) C\u00f3digo de Producto Descripci\u00f3n del Producto Nombre Cient\u00edfico Declaraci\u00f3n FSC W 5.4 ET-CM Estoraque comercial Myroxylon spp *** FSC 100% W 5.4 IP-CM Ishpingo comercial Amburana cearensis FSC 100% W 5.4 SH-CM Shihuahuaco comercial Dipteryx odorata FSC 100% W&#8230;<\/p>\n","protected":false},"author":1,"featured_media":0,"parent":52,"menu_order":0,"comment_status":"closed","ping_status":"closed","template":"","meta":[],"_links":{"self":[{"href":"https:\/\/www.pariamanu.com\/index.php\/wp-json\/wp\/v2\/pages\/67"}],"collection":[{"href":"https:\/\/www.pariamanu.com\/index.php\/wp-json\/wp\/v2\/pages"}],"about":[{"href":"https:\/\/www.pariamanu.com\/index.php\/wp-json\/wp\/v2\/types\/page"}],"author":[{"embeddable":true,"href":"https:\/\/www.pariamanu.com\/index.php\/wp-json\/wp\/v2\/users\/1"}],"replies":[{"embeddable":true,"href":"https:\/\/www.pariamanu.com\/index.php\/wp-json\/wp\/v2\/comments?post=67"}],"version-history":[{"count":10,"href":"https:\/\/www.pariamanu.com\/index.php\/wp-json\/wp\/v2\/pages\/67\/revisions"}],"predecessor-version":[{"id":214,"href":"https:\/\/www.pariamanu.com\/index.php\/wp-json\/wp\/v2\/pages\/67\/revisions\/214"}],"up":[{"embeddable":true,"href":"https:\/\/www.pariamanu.com\/index.php\/wp-json\/wp\/v2\/pages\/52"}],"wp:attachment":[{"href":"https:\/\/www.pariamanu.com\/index.php\/wp-json\/wp\/v2\/media?parent=67"}],"curies":[{"name":"wp","href":"https:\/\/api.w.org\/{rel}","templated":true}]}}