{"id":65,"date":"2019-12-23T19:04:02","date_gmt":"2019-12-24T00:04:02","guid":{"rendered":"https:\/\/www.pariamanu.com\/?page_id=65"},"modified":"2024-06-12T22:39:07","modified_gmt":"2024-06-13T03:39:07","slug":"linea-1-madera-en-rollo","status":"publish","type":"page","link":"https:\/\/www.pariamanu.com\/index.php\/productos\/linea-1-madera-en-rollo\/","title":{"rendered":"Madera en Rollo"},"content":{"rendered":"\r\n<figure class=\"wp-block-image\"><a href=\"http:\/\/www.grupoaserraderoespinoza.com\/img\/madera-rollo-2016-gr.jpg\"><img src=\"http:\/\/www.grupoaserraderoespinoza.com\/img\/madera-rollo-2016.jpg\" alt=\"\" \/><\/a><\/figure>\r\n\r\n\r\n\r\n<p><strong>\u00a0Madera en Rollo<\/strong><\/p>\r\n\r\n\r\n\r\n<figure class=\"wp-block-table\">\r\n<table>\r\n<tbody>\r\n<tr>\r\n<th>Clasif. De Productos(FSC-STD-40-004a)<\/th>\r\n<th>C\u00f3digo de Producto<\/th>\r\n<th>Descripci\u00f3n del Producto<\/th>\r\n<th>Nombre Cient\u00edfico<\/th>\r\n<th>Declaraci\u00f3n FSC<\/th>\r\n<\/tr>\r\n<tr>\r\n<td>W1.1<\/td>\r\n<td>ET-RZ<\/td>\r\n<td>Estoraque rollizo<\/td>\r\n<td>Myroxylon spp ***<\/td>\r\n<td>FSC 100%<\/td>\r\n<\/tr>\r\n<tr>\r\n<td>W1.1<\/td>\r\n<td>IP-RZ<\/td>\r\n<td>Ishpingo rollizo<\/td>\r\n<td>Amburana cearensis<\/td>\r\n<td>FSC 100%<\/td>\r\n<\/tr>\r\n<tr>\r\n<td>W1.1<\/td>\r\n<td>SH-RZ<\/td>\r\n<td>Shihuahuaco rollizo<\/td>\r\n<td>Dipteryx odorata<\/td>\r\n<td>FSC 100%<\/td>\r\n<\/tr>\r\n<tr>\r\n<td>W1.1<\/td>\r\n<td>AH-RZ<\/td>\r\n<td>Azucar huayo rollizo<\/td>\r\n<td>Hymenaea spp ***<\/td>\r\n<td>FSC 100%<\/td>\r\n<\/tr>\r\n<tr>\r\n<td>W1.1<\/td>\r\n<td>QN-RZ<\/td>\r\n<td>Quinilla rollizo<\/td>\r\n<td>Manilkara spp<\/td>\r\n<td>FSC 100%<\/td>\r\n<\/tr>\r\n<tr>\r\n<td>W1.1<\/td>\r\n<td>TA-RZ<\/td>\r\n<td>Tahuari rollizo<\/td>\r\n<td>Tabebuia spp<\/td>\r\n<td>FSC 100%<\/td>\r\n<\/tr>\r\n<tr>\r\n<td>W1.1<\/td>\r\n<td>AC-RZ<\/td>\r\n<td>Ana caspi rollizo<\/td>\r\n<td>Apuleia leiocarpa<\/td>\r\n<td>FSC 100%<\/td>\r\n<\/tr>\r\n<tr>\r\n<td>W1.1<\/td>\r\n<td>MA-RZ<\/td>\r\n<td>Mashonaste rollizo<\/td>\r\n<td>Clarisia racemosa<\/td>\r\n<td>FSC 100%<\/td>\r\n<\/tr>\r\n<tr>\r\n<td>W1.1<\/td>\r\n<td>RC-RZ<\/td>\r\n<td>Remo caspi rollizo<\/td>\r\n<td>Aspidosperma rigidum<\/td>\r\n<td>FSC 100%<\/td>\r\n<\/tr>\r\n<\/tbody>\r\n<\/table>\r\n<\/figure>\r\n","protected":false},"excerpt":{"rendered":"<p>\u00a0Madera en Rollo Clasif. De Productos(FSC-STD-40-004a) C\u00f3digo de Producto Descripci\u00f3n del Producto Nombre Cient\u00edfico Declaraci\u00f3n FSC W1.1 ET-RZ Estoraque rollizo Myroxylon spp *** FSC 100% W1.1 IP-RZ Ishpingo rollizo Amburana cearensis FSC 100% W1.1 SH-RZ Shihuahuaco rollizo Dipteryx odorata FSC 100% W1.1 AH-RZ Azucar huayo&#8230;<\/p>\n","protected":false},"author":1,"featured_media":0,"parent":52,"menu_order":0,"comment_status":"closed","ping_status":"closed","template":"","meta":[],"_links":{"self":[{"href":"https:\/\/www.pariamanu.com\/index.php\/wp-json\/wp\/v2\/pages\/65"}],"collection":[{"href":"https:\/\/www.pariamanu.com\/index.php\/wp-json\/wp\/v2\/pages"}],"about":[{"href":"https:\/\/www.pariamanu.com\/index.php\/wp-json\/wp\/v2\/types\/page"}],"author":[{"embeddable":true,"href":"https:\/\/www.pariamanu.com\/index.php\/wp-json\/wp\/v2\/users\/1"}],"replies":[{"embeddable":true,"href":"https:\/\/www.pariamanu.com\/index.php\/wp-json\/wp\/v2\/comments?post=65"}],"version-history":[{"count":6,"href":"https:\/\/www.pariamanu.com\/index.php\/wp-json\/wp\/v2\/pages\/65\/revisions"}],"predecessor-version":[{"id":209,"href":"https:\/\/www.pariamanu.com\/index.php\/wp-json\/wp\/v2\/pages\/65\/revisions\/209"}],"up":[{"embeddable":true,"href":"https:\/\/www.pariamanu.com\/index.php\/wp-json\/wp\/v2\/pages\/52"}],"wp:attachment":[{"href":"https:\/\/www.pariamanu.com\/index.php\/wp-json\/wp\/v2\/media?parent=65"}],"curies":[{"name":"wp","href":"https:\/\/api.w.org\/{rel}","templated":true}]}}